What is the thousands digit of 55222?
5
What is the tens digit of 40949?
4
What is the hundreds digit of 51208?
2
What is the hundreds digit of 72947?
9
What is the thousands digit of 39076?
9
What is the units digit of 622?
2
What is the tens digit of 703?
0
What is the units digit of 1126?
6
What is the tens digit of 2726?
2
What is the units digit of 797?
7
What is the units digit of 5786?
6
What is the hundreds digit of 1257?
2
What is the tens digit of 1906?
0
What is the thousands digit of 12705?
2
What is the units digit of 3292?
2
What is the thousands digit of 6149?
6
What is the ten thousands digit of 78875?
7
What is the tens digit of 360?
6
What is the ten thousands digit of 102352?
0
What is the tens digit of 1020?
2
What is the hundreds digit of 331?
3
What is the hundreds digit of 6954?
9
What is the units digit of 1356?
6
What is the tens digit of 992?
9
What is the ten thousands digit of 15044?
1
What is the tens digit of 36847?
4
What is the units digit of 6019?
9
What is the units digit of 334?
4
What is the tens digit of 2703?
0
What is the tens digit of 9845?
4
What is the tens digit of 126055?
5
What is the tens digit of 92174?
7
What is the tens digit of 2809?
0
What is the tens digit of 107044?
4
What is the units digit of 1589?
9
What is the tens digit of 43523?
2
What is the units digit of 9747?
7
What is the hundreds digit of 371?
3
What is the thousands digit of 2436?
2
What is the thousands digit of 7049?
7
What is the hundreds digit of 29507?
5
What is the tens digit of 9604?
0
What is the units digit of 8011?
1
What is the tens digit of 22324?
2
What is the thousands digit of 2345?
2
What is the tens digit of 1483?
8
What is the hundreds digit of 40537?
5
What is the thousands digit of 6224?
6
What is the units digit of 314?
4
What is the tens digit of 3481?
8
What is the units digit of 256?
6
What is the hundreds digit of 3230?
2
What is the tens digit of 26924?
2
What is the tens digit of 922?
2
What is the tens digit of 4093?
9
What is the tens digit of 2102?
0
What is the units digit of 744?
4
What is the tens digit of 372?
7
What is the thousands digit of 1771?
1
What is the units digit of 507?
7
What is the ten thousands digit of 14675?
1
What is the thousands digit of 3519?
3
What is the thousands digit of 4397?
4
What is the tens digit of 877?
7
What is the hundreds digit of 8150?
1
What is the units digit of 3630?
0
What is the tens digit of 6315?
1
What is the units digit of 254?
4
What is the hundreds digit of 1387?
3
What is the hundreds digit of 2499?
4
What is the units digit of 593?
3
What is the hundreds digit of 11126?
1
What is the units digit of 13450?
0
What is the ten thousands digit of 10234?
1
What is the hundreds digit of 3710?
7
What is the thousands digit of 1534?
1
What is the ten thousands digit of 22060?
2
What is the tens digit of 71?
7
What is the thousands digit of 4154?
4
What is the hundreds digit of 10467?
4
What is the units digit of 5964?
4
What is the thousands digit of 1018?
1
What is the units digit of 876?
6
What is the tens digit of 1136?
3
What is the tens digit of 33122?
2
What is the hundreds digit of 89761?
7
What is the ten thousands digit of 28466?
2
What is the thousands digit of 1801?
1
What is the units digit of 6225?
5
What is the tens digit of 48803?
0
What is the units digit of 50288?
8
What is the thousands digit of 10739?
0
What is the tens digit of 4474?
7
What is the hundreds digit of 668?
6
What is the hundreds digit of 838?
8
What is the thousands digit of 6757?
6
What is the thousands digit of 54097?
4
What is the thousands digit of 6912?
6
What is the thousands digit of 55395?
5
What is the tens digit of 2458?
5
What is the units digit of 991?
1
What is the units digit of 4153?
3
What is the thousands digit of 3502?
3
What is the tens digit of 5270?
7
What is the hundreds digit of 498?
4
What is the units digit of 890?
0
What is the units digit of 1214?
4
What is the units digit of 3834?
4
What is the units digit of 251?
1
What is the hundreds digit of 22178?
1
What is the tens digit of 985?
8
What is the units digit of 1275?
5
What is the hundreds digit of 87576?
5
What is the units digit of 160171?
1
What is the thousands digit of 3031?
3
What is the units digit of 657?
7
What is the hundreds digit of 51283?
2
What is the ten thousands digit of 120768?
2
What is the units digit of 543?
3
What is the thousands digit of 6343?
6
What is the tens digit of 1010?
1
What is the thousands digit of 1726?
1
What is the thousands digit of 25346?
5
What is the units digit of 2002?
2
What is the hundreds digit of 15551?
5
What is the thousands digit of 20475?
0
What is the hundreds digit of 823?
8
What is the hundreds digit of 1478?
4
What is the thousands digit of 3383?
3
What is the tens digit of 803?
0
What is the hundreds digit of 36309?
3
What is the units digit of 911?
1
What is the tens digit of 13875?
7
What is the hundreds digit of 2857?
8
What is the tens digit of 53341?
4
What is the thousands digit of 2543?
2
What is the tens digit of 1658?
5
What is the tens digit of 37778?
7
What is the tens digit of 1015?
1
What is the units digit of 7784?
4
What is the units digit of 907?
7
What is the hundreds digit of 43154?
1
What is the tens digit of 15190?
9
What is the tens digit of 3163?
6
What is the ten thousands digit of 69018?
6
What is the hundreds digit of 1546?
5
What is the hundreds digit of 2093?
0
What is the tens digit of 2872?
7
What is the units digit of 2028?
8
What is the thousands digit of 9537?
9
What is the units digit of 1849?
9
What is the tens digit of 4181?
8
What is the hundreds digit of 31202?
2
What is the units digit of 21462?
2
What is the thousands digit of 106249?
6
What is the units digit of 703?
3
What is the tens digit of 4193?
9
What is the hundreds digit of 1169?
1
What is the tens digit of 16813?
1
What is the hundreds digit of 527?
5
What is the thousands digit of 2086?
2
What is the tens digit of 3387?
8
What is the units digit of 29289?
9
What is the tens digit of 163?
6
What is the units digit of 578?
8
What is the tens digit of 191?
9
What is the tens digit of 10901?
0
What is the units digit of 131580?
0
What is the hundreds digit of 2823?
8
What is the units digit of 20823?
3
What is the units digit of 2683?
3
What is the hundreds digit of 9289?
2
What is the units digit of 18674?
4
What is the ten thousands digit of 169453?
6
What is the tens digit of 3212?
1
What is the units digit of 4899?
9
What is the units digit of 6138?
8
What is the thousands digit of 4044?
4
What is the units digit of 1198?
8
What is the tens digit of 50158?
5
What is the hundreds digit of 5043?
0
What is the units digit of 83403?
3
What is the hundreds digit of 2321?
3
What is the ten thousands digit of 18738?
1
What is the units digit of 1248?
8
What is the tens digit of 217?
1
What is the tens digit of 7014?
1
What is the thousands digit of 1559?
1
What is the hundreds digit of 686?
6
What is the hundreds digit of 47397?
3
What is the units digit of 377?
7
What is the hundreds digit of 2784?
7
What is the tens digit of 28181?
8
What is the hundreds digit of 1457?
4
What is the hundreds digit of 4691?
6
What is the units digit of 5863?
3
What is the hundreds digit of 29124?
1
What is the hundreds digit of 11183?
1
What is the tens digit of 748?
4
What is the thousands digit of 22858?
2
What is the thousands digit of 1076?
1
What is the units digit of 1841?
1
What is the ten thousands digit of 98786?
9
What is the hundreds digit of 1410?
4
What is the thousands digit of 8169?
8
What is the units digit of 10443?
3
What is the tens digit of 174?
7
What is the units digit of 1687?
7
What is the tens digit of 2373?
7
What is the hundreds digit of 2346?
3
What is the tens digit of 30815?
1
What is the thousands digit of 9261?
9
What is the thousands digit of 1409?
1
What is the tens digit of 7704?
0
What is the units digit of 71888?
8
What is the thousands digit of 28282?
8
What is the hundreds digit of 99130?
1
What is the hundreds digit of 6775?
7
What is the units digit of 322?
2
What is the hundreds digit of 510?
5
What is the tens digit of 6600?
0
What is the ten thousands digit of 25094?
2
What is the hundreds digit of 127449?
4
What